{"id":13,"date":"2026-02-15T15:11:54","date_gmt":"2026-02-15T14:11:54","guid":{"rendered":"https:\/\/wp.amapopote.fr\/?page_id=13"},"modified":"2026-02-15T15:11:54","modified_gmt":"2026-02-15T14:11:54","slug":"producteurs","status":"publish","type":"page","link":"https:\/\/wp.amapopote.fr\/index.php\/producteurs\/","title":{"rendered":"Producteurs"},"content":{"rendered":"\n<p><br><strong><u>3 MARAICHERS<\/u><\/strong><\/p>\n\n\n\n<p><strong>-Ancien technicien pour Agrobio 35, <\/strong><u><strong>Micka\u00ebl Berthelot<\/strong><\/u><strong> a aid\u00e9 \u00e0 l&#8217;installation de nombreux producteurs avant de se d\u00e9cider \u00e0 se lancer \u00e0 son tour. En 2010, il saisit l&#8217;opportunit\u00e9 de reprendre une ferme de 28 hectares, avec des b\u00e2timents d&#8217;habitation (\u00e0 r\u00e9habiliter)\u00e0 <u>Corps Nuds<\/u>.. Micka\u00ebl et sa compagne M\u00e9lanie ont achet\u00e9 la long\u00e8re accol\u00e9e o\u00f9 ils habitent avec leurs trois enfants.Ce n&#8217;est pas le travail qui manque : assurer les cultures, mais aussi r\u00e9nover des b\u00e2timents tr\u00e8s d\u00e9grad\u00e9s, et en projeter de nouveaux(3).Pour faire face, Micka\u00ebl fait appel \u00e0 deux salari\u00e9s auxquels il faut ajouter de mani\u00e8re ponctuelle un stagiaire. Le syst\u00e8me agronomique est assez diversifi\u00e9 : c\u00e9r\u00e9ales, l\u00e9gumes de plein champ et sous serre, petits fruits, et de la luzerne, le tout int\u00e9gr\u00e9 dans des rotations qui permettent un \u00e9quilibre des sols, indispensable en Agriculture Biologique!Fruits et l\u00e9gumes sont vendus sous forme de paniers \u00e0 Amapopote, mais aussi \u00e0 Noyal-Ch\u00e2tillon, et \u00e0 la ferme.D&#8217;autre part, il existe une libre cueillette sur l&#8217;exploitation de mai \u00e0 septembre.<\/strong><\/p>\n\n\n\n<p><strong><u>-Thierry Hinry<\/u> s&#8217;est install\u00e9 en ao\u00fbt 2011 sur 2.5ha de plein champ et 3000m\u00b2 de serre.La ferme est situ\u00e9e \u00e0 La Cossonni\u00e8re, \u00e0 <u>Servon sur Vilaine.<\/u><\/strong><\/p>\n\n\n\n<p><strong><u>-Arnaud GUERILLON<\/u> s&#8217;est install\u00e9 \u00e0 la ferme de Monbouvon \u00e0<u>Dourdain<\/u>au printemps 2013 sur 1,8 ha de plein champ.<\/strong><\/p>\n\n\n\n<figure class=\"wp-block-gallery has-nested-images columns-default is-cropped wp-block-gallery-1 is-layout-flex wp-block-gallery-is-layout-flex\">\n<figure class=\"wp-block-image size-large\"><img loading=\"lazy\" decoding=\"async\" width=\"183\" height=\"275\" data-id=\"18\" src=\"https:\/\/wp.amapopote.fr\/wp-content\/uploads\/2026\/02\/image-2.png\" alt=\"\" class=\"wp-image-18\"\/><\/figure>\n\n\n\n<figure class=\"wp-block-image size-large\"><img loading=\"lazy\" decoding=\"async\" width=\"600\" height=\"606\" data-id=\"19\" src=\"https:\/\/wp.amapopote.fr\/wp-content\/uploads\/2026\/02\/image-3.png\" alt=\"\" class=\"wp-image-19\" srcset=\"https:\/\/wp.amapopote.fr\/wp-content\/uploads\/2026\/02\/image-3.png 600w, https:\/\/wp.amapopote.fr\/wp-content\/uploads\/2026\/02\/image-3-297x300.png 297w\" sizes=\"auto, (max-width: 600px) 100vw, 600px\" \/><\/figure>\n\n\n\n<figure class=\"wp-block-image size-large\"><img loading=\"lazy\" decoding=\"async\" width=\"434\" height=\"650\" data-id=\"20\" src=\"https:\/\/wp.amapopote.fr\/wp-content\/uploads\/2026\/02\/image-4.png\" alt=\"\" class=\"wp-image-20\" srcset=\"https:\/\/wp.amapopote.fr\/wp-content\/uploads\/2026\/02\/image-4.png 434w, https:\/\/wp.amapopote.fr\/wp-content\/uploads\/2026\/02\/image-4-200x300.png 200w\" sizes=\"auto, (max-width: 434px) 100vw, 434px\" \/><\/figure>\n<\/figure>\n\n\n\n<p><strong><u>APICULTEUR :<\/u><\/strong><\/p>\n\n\n\n<div class=\"wp-block-group is-nowrap is-layout-flex wp-container-core-group-is-layout-6c531013 wp-block-group-is-layout-flex\">\n<p><strong><u>Didier Massy<\/u> est un apiculteur r\u00e9coltant. \u00ab\u00a0j\u2019ai appel\u00e9 mon exploitation Les ruchers du Semnon car je souhaitais produire un miel qui soit le reflet d\u2019un terroir : butin\u00e9 le long du Semnon, r\u00e9colt\u00e9 \u00e0 <u>Lalleu <\/u>et vendu localement.\u00a0\u00bb<\/strong><\/p>\n<\/div>\n\n\n\n<p><strong>Ses convictions et sa passion pour la nature et la protection de celle-ci l\u2019ont bien \u00e9videmment conduit \u00e0 choisir un mode de production respectueux de l\u2019environnement en l\u2019engageant dans une apiculture biologique, certifi\u00e9e.<\/strong><\/p>\n\n\n\n<p><strong>Une apiculture avec des abeilles noirs locales, pas de transhumance, un respect des cycles naturel de l\u2019abeille, pas de nourrissage au sirop sur ses colonie de production.<\/strong><\/p>\n\n\n\n<p><strong>Une r\u00e9flexion sur chaque achat et \u00e9tape de fabrication de ses production afin que celle-ci soit la plus locale possible et le moins impactant sur la sant\u00e9 et l\u2019environnement.<\/strong><\/p>\n\n\n\n<figure class=\"wp-block-image size-full\"><img loading=\"lazy\" decoding=\"async\" width=\"311\" height=\"353\" src=\"https:\/\/wp.amapopote.fr\/wp-content\/uploads\/2026\/02\/image-5.png\" alt=\"\" class=\"wp-image-22\" srcset=\"https:\/\/wp.amapopote.fr\/wp-content\/uploads\/2026\/02\/image-5.png 311w, https:\/\/wp.amapopote.fr\/wp-content\/uploads\/2026\/02\/image-5-264x300.png 264w\" sizes=\"auto, (max-width: 311px) 100vw, 311px\" \/><\/figure>\n\n\n\n<p><strong><u>ELEVEUSE DE POULES PONDEUSES\u00a0 BIO :<\/u><\/strong><\/p>\n\n\n\n<p><strong><u>Marie Chauvel<\/u> \u00e9tait infirmi\u00e8re dans une 1\u00e8re vie . Elle a int\u00e9gr\u00e9 la formation Paysan Cr\u00e9atif en 2017. Ensuite elle s&#8217;est install\u00e9e en 2019 \u00e0 <u>Talensac. <\/u>Sa ferme compte plus de 300 poules pondeuses et 3 poulaillers mobiles. Elle vend tous ses \u0153ufs en amap ( Amapopote, Beauregard et La Chapelle). Elle souhaite maintenant d\u00e9velopper son activit\u00e9 d&#8217;accueil p\u00e9dagogique, avec des s\u00e9ances de<\/strong> <strong>m\u00e9diation animale \u2026<\/strong><\/p>\n\n\n\n<figure class=\"wp-block-image size-full is-resized\"><img loading=\"lazy\" decoding=\"async\" width=\"600\" height=\"942\" src=\"https:\/\/wp.amapopote.fr\/wp-content\/uploads\/2026\/02\/image-6.png\" alt=\"\" class=\"wp-image-23\" style=\"width:333px;height:auto\" srcset=\"https:\/\/wp.amapopote.fr\/wp-content\/uploads\/2026\/02\/image-6.png 600w, https:\/\/wp.amapopote.fr\/wp-content\/uploads\/2026\/02\/image-6-191x300.png 191w\" sizes=\"auto, (max-width: 600px) 100vw, 600px\" \/><\/figure>\n\n\n\n<p><strong><u>PAYSAN BOULANGER<\/u> :<\/strong><\/p>\n\n\n\n<p><strong>Apr\u00e8s des \u00e9tudes d&#8217;histoire, Olivier Clisson se forme \u00e0 l&#8217;agriculture biologique au lyc\u00e9e du Rheu. Install\u00e9 depuis 2007 \u00e0 <u>Parthenay de Bretagne<\/u>, <u>Olivier Clisson<\/u>travaille une douzaine d&#8217;hectares dont 4 de bl\u00e9. Il n&#8217;utilise pas d&#8217;engrais, ni de pesticides. Les seuls traitements qu&#8217;il s&#8217;autorise sont des pulv\u00e9risations d&#8217;infusions de plantes destin\u00e9s \u00e0 prot\u00e9ger le bl\u00e9. Il enfourne chaque semaine environ 270\u00a0kg de p\u00e2te \u00e0 pain, p\u00e9trie dans le labo qui jouxte sa ferme, dor\u00e9e \u00e0 souhait dans le four \u00e0 bois install\u00e9 par ses soins. Du pain fabriqu\u00e9 avec de la farine biologique de bl\u00e9 et de seigle cultiv\u00e9e sur ses champs. Il vend aussi lui-m\u00eame son pain <\/strong><em><strong>via<\/strong><\/em><strong> <\/strong><strong>des Amap.<\/strong><br><strong>Le bl\u00e9 et le pain d&#8217;Olivier sont certifi\u00e9s \u201cAB\u201d depuis 2009.<\/strong><\/p>\n\n\n\n<p><strong>A partir d&#8217;un verger hautes tiges pr\u00e9sent sur la ferme certifi\u00e9 AB, Olivier fabrique un jus 100% jus de pommes.<\/strong><\/p>\n\n\n\n<p><strong>Depuis l&#8217;\u00e9t\u00e9 2010, Olivier propose par ailleurs une barquette de petits fruits(fraises, framboise, groseilles, cassis), eux aussi certifi\u00e9s bio\u2026<\/strong><\/p>\n\n\n\n<figure class=\"wp-block-image size-full is-resized\"><img loading=\"lazy\" decoding=\"async\" width=\"523\" height=\"850\" src=\"https:\/\/wp.amapopote.fr\/wp-content\/uploads\/2026\/02\/image-7.png\" alt=\"\" class=\"wp-image-25\" style=\"width:285px;height:auto\" srcset=\"https:\/\/wp.amapopote.fr\/wp-content\/uploads\/2026\/02\/image-7.png 523w, https:\/\/wp.amapopote.fr\/wp-content\/uploads\/2026\/02\/image-7-185x300.png 185w\" sizes=\"auto, (max-width: 523px) 100vw, 523px\" \/><\/figure>\n\n\n\n<p><strong>ELEVEUSE DE VACHES PIE NOIR ET TRANSFORMATION EN PRODUITS LAITIERS:<br>St\u00e9phanie Catherine<\/strong><strong>a rejoint la ferme familiale en 2018 \u00e0 <\/strong><strong>Pl\u00e9lan le Grand<\/strong><strong>, &#8220;au Pr\u00e9 de la Terre&#8221;. Une ferme de 70 hectares et 60 vaches laiti\u00e8res.<\/strong><\/p>\n\n\n\n<p><strong>Elle d\u00e9cide alors d&#8217;amorcer des changements: valoriser l&#8217;herbe au maximum et favoriser l&#8217;autonomie alimentaire, une certification Bio depuis 2019 et surtout un changement de race pour remplacer progressivement les Holsteins par des bretonnes pie Noire<\/strong><\/p>\n\n\n\n<p><strong>Petite par sa taille mais grande par ses atouts:- Rusticit\u00e9, valorisant tr\u00e8s bien les fourrages grossiers, &#8211; Simplicit\u00e9 d&#8217;\u00e9levage- Excellentes qualit\u00e9s de reproduction- Une long\u00e9vit\u00e9 exceptionnelle- Un lait riche et une viande persill\u00e9e- Une race ancienne et locale, fortement ancr\u00e9e dans l&#8217;histoire et le patrimoine<\/strong><\/p>\n\n\n\n<p><strong>Depuis Septembre 2019, St\u00e9phanie transforme le lait sur place. Elle produit des fromages, du beurre, des fromages&nbsp; blancs et la Gwell, une sp\u00e9cialit\u00e9 laiti\u00e8re Bretonne&#8230;<\/strong><\/p>\n\n\n\n<figure class=\"wp-block-image size-full is-resized\"><img loading=\"lazy\" decoding=\"async\" width=\"680\" height=\"453\" src=\"https:\/\/wp.amapopote.fr\/wp-content\/uploads\/2026\/02\/image-8.png\" alt=\"\" class=\"wp-image-26\" style=\"aspect-ratio:1.5011055150181505;width:355px;height:auto\" srcset=\"https:\/\/wp.amapopote.fr\/wp-content\/uploads\/2026\/02\/image-8.png 680w, https:\/\/wp.amapopote.fr\/wp-content\/uploads\/2026\/02\/image-8-300x200.png 300w\" sizes=\"auto, (max-width: 680px) 100vw, 680px\" \/><\/figure>\n","protected":false},"excerpt":{"rendered":"<p>3 MARAICHERS -Ancien technicien pour Agrobio 35, Micka\u00ebl Berthelot a aid\u00e9 \u00e0 l&#8217;installation de nombreux producteurs avant de se d\u00e9cider \u00e0 se lancer \u00e0 son tour. En 2010, il saisit l&#8217;opportunit\u00e9 de reprendre une ferme de 28 hectares, avec des b\u00e2timents d&#8217;habitation (\u00e0 r\u00e9habiliter)\u00e0 Corps Nuds.. Micka\u00ebl et sa compagne M\u00e9lanie ont achet\u00e9 la long\u00e8re [&hellip;]<\/p>\n","protected":false},"author":1,"featured_media":0,"parent":0,"menu_order":0,"comment_status":"closed","ping_status":"closed","template":"","meta":{"footnotes":""},"class_list":["post-13","page","type-page","status-publish","hentry"],"_links":{"self":[{"href":"https:\/\/wp.amapopote.fr\/index.php\/wp-json\/wp\/v2\/pages\/13","targetHints":{"allow":["GET"]}}],"collection":[{"href":"https:\/\/wp.amapopote.fr\/index.php\/wp-json\/wp\/v2\/pages"}],"about":[{"href":"https:\/\/wp.amapopote.fr\/index.php\/wp-json\/wp\/v2\/types\/page"}],"author":[{"embeddable":true,"href":"https:\/\/wp.amapopote.fr\/index.php\/wp-json\/wp\/v2\/users\/1"}],"replies":[{"embeddable":true,"href":"https:\/\/wp.amapopote.fr\/index.php\/wp-json\/wp\/v2\/comments?post=13"}],"version-history":[{"count":4,"href":"https:\/\/wp.amapopote.fr\/index.php\/wp-json\/wp\/v2\/pages\/13\/revisions"}],"predecessor-version":[{"id":62,"href":"https:\/\/wp.amapopote.fr\/index.php\/wp-json\/wp\/v2\/pages\/13\/revisions\/62"}],"wp:attachment":[{"href":"https:\/\/wp.amapopote.fr\/index.php\/wp-json\/wp\/v2\/media?parent=13"}],"curies":[{"name":"wp","href":"https:\/\/api.w.org\/{rel}","templated":true}]}}